en ((-2)/6)/(3/(-522)) is divided by z?
13
Let q = -1 + 1. Let n = 2 + q. Suppose n*t - 6*t - 3*i = -65, 15 = 5*i. What is the remainder when 26 is divided by t?
12
Suppose 0 = 3*c - 6*c + 72. What is the remainder when 45 is divided by c?
21
Let n(c) = -16*c**3. Let v be n(1). Let p be 12 + (1 - (-9)/3). Let r = p - v. What is the remainder when r is divided by 11?
10
Let f(a) = a**3 - 9*a**2 + 7*a + 8. Let n be f(8). Suppose 0*p + 4*p - 32 = n. What is the remainder when p is divided by 3?
2
Let o(s) = -s**2 - 21*s - 1. Calculate the remainder when 73 is divided by o(-20).
16
Let x(w) = 0*w + 0*w - 7*w - 4. Suppose -5*n = -4*l + 44, -3*l + 3*n - 8*n + 33 = 0. What is the remainder when x(-5) is divided by l?
9
What is the remainder when (-390)/(-18) + 1*(-1)/(-3) is divided by 8?
6
Let k(r) = -r**2 + 23*r - 16. Let x(w) = -w + 1. Let h(g) = k(g) + 5*x(g). What is the remainder when h(15) is divided by 18?
16
Let h be 0 + (-1 + 2 - -1). Suppose -1 = s, -2*s = d + h*s + 3. Suppose w - 2*w = -2*p - d, 5*w + 5*p = 65. Calculate the remainder when 26 is divided by w.
8
Suppose 0 = -10*i + 6*i + 56. What is the remainder when 82 is divided by i?
12
Suppose 5*c - 4*b - 630 + 30 = 0, 5*c + 3*b - 565 = 0. Calculate the remainder when c is divided by 12.
8
Let x be (-8)/(-10) - 6/(-5). Let r = 4 - x. What is the remainder when r is divided by 2?
0
What is the remainder when 77 is divided by 20 + 2 + -18 + 16?
17
Let z = -25 - -40. Calculate the remainder when 89 is divided by z.
14
Suppose 170 = 30*x - 25*x. What is the remainder when x is divided by 9?
7
Suppose 5*v = 1674 - 634. Calculate the remainder when v/4 - (4 + -2) is divided by 13.
11
Let k = -103 - -110. Suppose 0 = -2*y + 43 - 3. What is the remainder when y is divided by k?
6
Suppose -3*d - 4*o - 24 = 0, 0 = -2*d - o - 27 + 6. Let g = d + 15. Calculate the remainder when 9 is divided by g.
0
Let u be (-1 - -1) + -2 - -2. Suppose 0 = 4*b + 16 + 12. Let f = u - b. Calculate the remainder when f is divided by 4.
3
Suppose 0 = 2*u + y + 2 - 108, -u + 42 = -5*y. Suppose 3*k + 12 = 0, -o - 5*k + u = o. Calculate the remainder when o is divided by 19.
17
Calculate the remainder when 34 is divided by 6*((-3)/2 + 3).
7
Suppose 3*r = -2*l + 6, 3*r = -0*r + 2*l - 6. Suppose r = 5*z - 161 + 46. What is the remainder when 43 is divided by z?
20
Calculate the remainder when ((-3)/((-6)/(-77)))/((-2)/4) is divided by 39.
38
Let l = -5 - -9. Let g(t) = -t**3 + 6*t**2 + t - 3. Calculate the remainder when g(6) is divided by (-3)/2*l/(-3).
1
Let s = -57 + 89. What is the remainder when s is divided by 27?
5
Let f(t) = -t - 3 - 3 + 5. Let g be f(-1). Suppose -j + g = -20. What is the remainder when j is divided by 7?
6
What is the remainder when 23 is divided by (-19)/(-38)*(-26)/(-1)?
10
Suppose 4*p = g + 179, -p - g - 2*g = -48. Suppose p = 5*a - 25. Calculate the remainder when 38 + 4 + 1 + -3 is divided by a.
12
Let t = -4 + 4. Suppose t = 4*y + z - 580, 5*y - 5*z - 750 = -0*z. Suppose 5*p = y - 51. Calculate the remainder when p is divided by 7.
5
Let l = 426 + -223. What is the remainder when l is divided by 17?
16
Let b = 1 - -3. What is the remainder when (-17)/68 - (-45)/4 is divided by b?
3
Let v be (-1*15)/(0 + -1). Let f = v - 3. What is the remainder when 47 is divided by f?
11
Let a(j) = -j + 4. Let v be a(12). Let z = v - -8. Suppose z = -4*p + 37 + 43. What is the remainder when 58 is divided by p?
18
Let l = -27 + 45. Calculate the remainder when l is divided by 10.
8
Let a = -13 + 20. Calculate the remainder when 2/(-3) + 177/9 is divided by a.
5
Suppose 12 + 9 = 5*c - 3*q, 0 = c - 2*q. Let u(l) = 8*l - 2. Calculate the remainder when u(2) is divided by c + 2 + -2 + 2.
6
Calculate the remainder when (19/2)/(10/60) is divided by 30.
27
Let o(a) = -2*a + 5. Let w be o(4). Calculate the remainder when 19 is divided by 7/(-4)*(w + -1).
5
Let b = 33 + -18. What is the remainder when 28 is divided by b?
13
Let r(l) = 5*l**2 + 3*l - 1. Calculate the remainder when 71 is divided by r(2).
21
Let b be (4/(-6))/((-2)/267). Let u = 126 - b. Suppose 0*s - 15 = -s - y, 5*s - 5*y = 125. Calculate the remainder when u is divided by s.
17
Let p be (-52)/(-16) + (-2)/8. Suppose p*g - 14 = 1, 2*g - 20 = -m. Calculate the remainder when m is divided by 4.
2
Let o = 25 - 12. Let q = 6 - 13. Calculate the remainder when 8/28 + (-257)/q is divided by o.
11
Let l = -15 + 35. What is the remainder when l is divided by 12?
8
Suppose -537*u = -538*u + 43. Calculate the remainder when u is divided by 101/9 - 4/18.
10
Suppose -3*t + 4*w - 17 = -68, -2*t + 45 = w. What is the remainder when 82 is divided by t?
19
Suppose 0 = 3*n + 50 - 2. Let l = 63 + n. What is the remainder when l is divided by 17?
13
Let p = -35 + 41. What is the remainder when 10 is divided by p?
4
Let o(c) = -c**3 + 10*c**2 - 11*c + 4. Let m be o(9). Let b = -7 - m. Suppose 3*u - 65 - b = 0. Calculate the remainder when u is divided by 9.
6
Suppose -4*z + 4 = 0, -64 = -5*m + 3*m - 2*z. Calculate the remainder when m is divided by 8.
7
Let k be (3 - 6)/(3/2). What is the remainder when (k/(-6))/(7/84) is divided by 3?
1
Calculate the remainder when 28 is divided by (-17)/102 - (273/18)/(-1).
13
Suppose 104*v - 200 = 99*v. Calculate the remainder when 159 is divided by v.
39
Let h(z) = z**3 - 3*z**2 + 3. Let w(i) = -i. Suppose 4*v + 14 - 2 = 0. Let x be w(v). What is the remainder when h(x) is divided by 2?
1
Suppose 3*r = 8 + 1. Calculate the remainder when 3 is divided by r.
0
Let h(x) = x**3 + 4*x**2 - 7*x - 7. Suppose -5*z - 9 = -2*z + 3*v, -2*z + 2*v = -14. What is the remainder when 1/((6 - z)/12) is divided by h(-5)?
0
Suppose 0*q = -2*q + 52. Let x(c) = -c + 4. What is the remainder when q is divided by x(-3)?
5
Let i(f) = f - 1. Let t be i(4). Suppose 0 = 5*z - t*z. Suppose z = -2*x + 6, 79 = 2*d + 4*x + x. Calculate the remainder when d is divided by 11.
10
Suppose 4*n = -n + 15. Suppose j - n*j = 0. Suppose 4*z - 2*g + 0*g - 42 = 0, -4*z + 5*g + 51 = j. What is the remainder when 16 is divided by z?
7
Suppose 5*z + 130 = 15*z. What is the remainder when 30 is divided by z?
4
Let n(i) = i**3 - 6*i**2 - 6*i - 9. Let h be n(7). Let u = 21 + h. Calculate the remainder when 55 is divided by u.
17
Suppose 3*o + 5*u = 40, -4*o - 29 + 90 = -u. Suppose -f + 2*f - t + 22 = 0, -2*t + 66 = -3*f. Let m = f + 50. What is the remainder when m is divided by o?
13
Let f = -69 + 118. Calculate the remainder when f is divided by 15.
4
Let p = 28 - 10. Let q(v) = v**3 - 10*v**2 + 2*v + 3. Let a be q(10). Let n = 33 - a. Calculate the remainder when p is divided by n.
8
Let s = -22 - -36. Calculate the remainder when 52 is divided by 7/s + 70/4.
16
Calculate the remainder when 7 is divided by (1*(-5)/(-15))/(2/12).
1
Suppose -456 = -2*j + 4*g, j - 289 = 3*g - 64. Suppose -2*f = 4*x - 176, -j = 2*f - 5*f + 4*x. Calculate the remainder when f is divided by 21.
19
Let k(l) = l**2 + 5*l + 8. Calculate the remainder when (-249)/(-6) + 2/(-4) is divided by k(-6).
13
Suppose 3*v - 3*d - 453 = 0, -3*v - v - 2*d + 628 = 0. Suppose 2*z = -j + 25, 3*j + 2*j - 5*z - v = 0. Calculate the remainder when j is divided by 10.
9
Let s(w) = -7*w - 4. Let p be s(5). Calculate the remainder when 74/26 - 6/p is divided by 1.
0
Let r = -30 - -50. Let a = r + 3. Calculate the remainder when (-3 + 3)/(-1) - -67 is divided by a.
21
Let q be ((-11)/(-44))/((-2)/(-16)). What is the remainder when (-68)/(-12)*3*q is divided by 7?
6
Let i = 123 - 72. Suppose -2*h - h + i = -5*y, 3*y = -h + 17. Calculate the remainder when (33/(-5))/(2/(-10)) is divided by h.
16
What is the remainder when (-84)/(-8)*(-28)/(-6) is divided by 13?
10
Suppose 11 = 2*h - 1. Suppose u = h + 2. Let v = u + -6. Calculate the remainder when 5 is divided by v.
1
Let a(d) = -3*d - 3. Let g be a(-2). Suppose -2*s - g*s + 200 = 5*p, 5*s - 198 = -4*p. Suppose 2*u = -5*u + 91. Calculate the remainder when s is divided by u.
12
Let r = 88 - -12. Calculate the remainder when r is divided by 26.
22
Let j = 94 + -51. Let t(r) = -5*r**2 - 8*r + 1. Let x(p) = 15*p**2 + 23*p - 3. Let m(c) = 17*t(c) + 6*x(c). Calculate the remainder when j is divided by m(-2).
13
Let z(j) = 5 + 2*j - 13*j + 12*j. Let h(c) = c - 2. Let u be 